{"id":123,"date":"2022-05-12T08:19:59","date_gmt":"2022-05-12T08:19:59","guid":{"rendered":"http:\/\/www.yhteisetaskeleet.fi\/aihio\/?page_id=123"},"modified":"2022-10-05T12:31:21","modified_gmt":"2022-10-05T10:31:21","slug":"yhteystiedot-2","status":"publish","type":"page","link":"http:\/\/www.yhteisetaskeleet.fi\/aihio\/index.php\/yhteystiedot-2\/","title":{"rendered":"Yhteystietomme"},"content":{"rendered":"\t\t<div data-elementor-type=\"wp-page\" data-elementor-id=\"123\" class=\"elementor elementor-123\">\n\t\t\t\t\t\t\t\t\t<section class=\"elementor-section elementor-top-section elementor-element elementor-element-1ace8f0 elementor-section-boxed elementor-section-height-default elementor-section-height-default\" data-id=\"1ace8f0\" data-element_type=\"section\">\n\t\t\t\t\t\t<div class=\"elementor-container elementor-column-gap-default\">\n\t\t\t\t\t<div class=\"elementor-column elementor-col-100 elementor-top-column elementor-element elementor-element-fad3901\" data-id=\"fad3901\" data-element_type=\"column\">\n\t\t\t<div class=\"elementor-widget-wrap elementor-element-populated\">\n\t\t\t\t\t\t\t\t<div class=\"elementor-element elementor-element-ef57fca elementor-widget elementor-widget-heading\" data-id=\"ef57fca\" data-element_type=\"widget\" data-widget_type=\"heading.default\">\n\t\t\t\t<div class=\"elementor-widget-container\">\n\t\t\t<style>\/*! elementor - v3.6.5 - 27-04-2022 *\/\n.elementor-heading-title{padding:0;margin:0;line-height:1}.elementor-widget-heading .elementor-heading-title[class*=elementor-size-]>a{color:inherit;font-size:inherit;line-height:inherit}.elementor-widget-heading .elementor-heading-title.elementor-size-small{font-size:15px}.elementor-widget-heading .elementor-heading-title.elementor-size-medium{font-size:19px}.elementor-widget-heading .elementor-heading-title.elementor-size-large{font-size:29px}.elementor-widget-heading .elementor-heading-title.elementor-size-xl{font-size:39px}.elementor-widget-heading .elementor-heading-title.elementor-size-xxl{font-size:59px}<\/style><h2 class=\"elementor-heading-title elementor-size-large\">Yhteystietomme<\/h2>\t\t<\/div>\n\t\t\t\t<\/div>\n\t\t\t\t\t<\/div>\n\t\t<\/div>\n\t\t\t\t\t\t\t<\/div>\n\t\t<\/section>\n\t\t\t\t<section class=\"elementor-section elementor-top-section elementor-element elementor-element-6511370 elementor-section-boxed elementor-section-height-default elementor-section-height-default\" data-id=\"6511370\" data-element_type=\"section\">\n\t\t\t\t\t\t<div class=\"elementor-container elementor-column-gap-default\">\n\t\t\t\t\t<div class=\"elementor-column elementor-col-50 elementor-top-column elementor-element elementor-element-b4496da\" data-id=\"b4496da\" data-element_type=\"column\">\n\t\t\t<div class=\"elementor-widget-wrap elementor-element-populated\">\n\t\t\t\t\t\t\t\t<div class=\"elementor-element elementor-element-5b165ef elementor-position-top elementor-vertical-align-top elementor-widget elementor-widget-image-box\" data-id=\"5b165ef\" data-element_type=\"widget\" data-widget_type=\"image-box.default\">\n\t\t\t\t<div class=\"elementor-widget-container\">\n\t\t\t<style>\/*! elementor - v3.6.5 - 27-04-2022 *\/\n.elementor-widget-image-box .elementor-image-box-content{width:100%}@media (min-width:768px){.elementor-widget-image-box.elementor-position-left .elementor-image-box-wrapper,.elementor-widget-image-box.elementor-position-right .elementor-image-box-wrapper{display:-webkit-box;display:-ms-flexbox;display:flex}.elementor-widget-image-box.elementor-position-right .elementor-image-box-wrapper{text-align:right;-webkit-box-orient:horizontal;-webkit-box-direction:reverse;-ms-flex-direction:row-reverse;flex-direction:row-reverse}.elementor-widget-image-box.elementor-position-left .elementor-image-box-wrapper{text-align:left;-webkit-box-orient:horizontal;-webkit-box-direction:normal;-ms-flex-direction:row;flex-direction:row}.elementor-widget-image-box.elementor-position-top .elementor-image-box-img{margin:auto}.elementor-widget-image-box.elementor-vertical-align-top .elementor-image-box-wrapper{-webkit-box-align:start;-ms-flex-align:start;align-items:flex-start}.elementor-widget-image-box.elementor-vertical-align-middle .elementor-image-box-wrapper{-webkit-box-align:center;-ms-flex-align:center;align-items:center}.elementor-widget-image-box.elementor-vertical-align-bottom .elementor-image-box-wrapper{-webkit-box-align:end;-ms-flex-align:end;align-items:flex-end}}@media (max-width:767px){.elementor-widget-image-box .elementor-image-box-img{margin-left:auto!important;margin-right:auto!important;margin-bottom:15px}}.elementor-widget-image-box .elementor-image-box-img{display:inline-block}.elementor-widget-image-box .elementor-image-box-title a{color:inherit}.elementor-widget-image-box .elementor-image-box-wrapper{text-align:center}.elementor-widget-image-box .elementor-image-box-description{margin:0}<\/style><div class=\"elementor-image-box-wrapper\"><figure class=\"elementor-image-box-img\"><img width=\"1646\" height=\"2049\" src=\"http:\/\/www.yhteisetaskeleet.fi\/aihio\/wp-content\/uploads\/2022\/09\/Muokattu.jpg\" class=\"attachment-full size-full\" alt=\"\" loading=\"lazy\" \/><\/figure><div class=\"elementor-image-box-content\"><h3 class=\"elementor-image-box-title\">Aleksi Lesonen<\/h3><p class=\"elementor-image-box-description\">\n- Yhteis\u00f6pedagogi AMK <br>\n- Kahdentoista vuoden ty\u00f6kokemus lastensuojelun sijais-, avo- ja j\u00e4lkihuollosta<br>\n- MAPA -koulutus <br>\n- Psykiatrinen lastensuojeluty\u00f6 -koulutus <br><br>\n<br>050 5544057<br>\naleksi.lesonen@yhteisetaskeleet.fi<\/p><\/div><\/div>\t\t<\/div>\n\t\t\t\t<\/div>\n\t\t\t\t\t<\/div>\n\t\t<\/div>\n\t\t\t\t<div class=\"elementor-column elementor-col-50 elementor-top-column elementor-element elementor-element-078731a\" data-id=\"078731a\" data-element_type=\"column\">\n\t\t\t<div class=\"elementor-widget-wrap elementor-element-populated\">\n\t\t\t\t\t\t\t\t<div class=\"elementor-element elementor-element-cb60a69 elementor-position-top elementor-vertical-align-top elementor-widget elementor-widget-image-box\" data-id=\"cb60a69\" data-element_type=\"widget\" data-widget_type=\"image-box.default\">\n\t\t\t\t<div class=\"elementor-widget-container\">\n\t\t\t<div class=\"elementor-image-box-wrapper\"><figure class=\"elementor-image-box-img\"><img width=\"538\" height=\"672\" src=\"http:\/\/www.yhteisetaskeleet.fi\/aihio\/wp-content\/uploads\/2022\/10\/Kuva1.jpg\" class=\"attachment-full size-full\" alt=\"\" loading=\"lazy\" \/><\/figure><div class=\"elementor-image-box-content\"><h3 class=\"elementor-image-box-title\">Jose Tamminen<\/h3><p class=\"elementor-image-box-description\">- L\u00e4hihoitaja, erityisohjaaja <br>\n- Viiden vuoden ty\u00f6kokemus lastensuojelusta <br>\n- Pitk\u00e4 kokemus lasten ja nuorten urheiluvalmennuksesta <br>\n- Lasten ja nuorten erityisohjaajan ammattitutkinto <br>\n- MAPA -koulutus <br>\n<br>050 5544059 <br>\njose.tamminen@yhteisetaskeleet.fi<\/p><\/div><\/div>\t\t<\/div>\n\t\t\t\t<\/div>\n\t\t\t\t\t<\/div>\n\t\t<\/div>\n\t\t\t\t\t\t\t<\/div>\n\t\t<\/section>\n\t\t\t\t<section class=\"elementor-section elementor-top-section elementor-element elementor-element-3a61fd5 elementor-section-boxed elementor-section-height-default elementor-section-height-default\" data-id=\"3a61fd5\" data-element_type=\"section\">\n\t\t\t\t\t\t<div class=\"elementor-container elementor-column-gap-default\">\n\t\t\t\t\t<div class=\"elementor-column elementor-col-100 elementor-top-column elementor-element elementor-element-a0a91fe\" data-id=\"a0a91fe\" data-element_type=\"column\">\n\t\t\t<div class=\"elementor-widget-wrap\">\n\t\t\t\t\t\t\t\t\t<\/div>\n\t\t<\/div>\n\t\t\t\t\t\t\t<\/div>\n\t\t<\/section>\n\t\t\t\t\t\t\t<\/div>\n\t\t","protected":false},"excerpt":{"rendered":"<p>Yhteystietomme Aleksi Lesonen &#8211; Yhteis\u00f6pedagogi AMK &#8211; Kahdentoista vuoden ty\u00f6kokemus lastensuojelun sijais-, avo- ja j\u00e4lkihuollosta &#8211; MAPA -koulutus &#8211; Psykiatrinen lastensuojeluty\u00f6 -koulutus 050 5544057 aleksi.lesonen@yhteisetaskeleet.fi Jose Tamminen &#8211; L\u00e4hihoitaja, erityisohjaaja &#8211; Viiden vuoden ty\u00f6kokemus lastensuojelusta &#8211; Pitk\u00e4 kokemus lasten ja nuorten urheiluvalmennuksesta &#8211; Lasten ja nuorten erityisohjaajan ammattitutkinto &#8211; MAPA -koulutus 050 5544059 jose.tamminen@yhteisetaskeleet.fi<\/p>\n","protected":false},"author":1,"featured_media":0,"parent":0,"menu_order":0,"comment_status":"closed","ping_status":"closed","template":"elementor_header_footer","meta":{"_coblocks_attr":"","_coblocks_dimensions":"","_coblocks_responsive_height":"","_coblocks_accordion_ie_support":"","site-sidebar-layout":"no-sidebar","site-content-layout":"page-builder","ast-global-header-display":"","ast-main-header-display":"","ast-hfb-above-header-display":"","ast-hfb-below-header-display":"","ast-hfb-mobile-header-display":"","site-post-title":"disabled","ast-breadcrumbs-content":"","ast-featured-img":"disabled","footer-sml-layout":"","theme-transparent-header-meta":"","adv-header-id-meta":"","stick-header-meta":"","header-above-stick-meta":"","header-main-stick-meta":"","header-below-stick-meta":""},"_links":{"self":[{"href":"http:\/\/www.yhteisetaskeleet.fi\/aihio\/index.php\/wp-json\/wp\/v2\/pages\/123"}],"collection":[{"href":"http:\/\/www.yhteisetaskeleet.fi\/aihio\/index.php\/wp-json\/wp\/v2\/pages"}],"about":[{"href":"http:\/\/www.yhteisetaskeleet.fi\/aihio\/index.php\/wp-json\/wp\/v2\/types\/page"}],"author":[{"embeddable":true,"href":"http:\/\/www.yhteisetaskeleet.fi\/aihio\/index.php\/wp-json\/wp\/v2\/users\/1"}],"replies":[{"embeddable":true,"href":"http:\/\/www.yhteisetaskeleet.fi\/aihio\/index.php\/wp-json\/wp\/v2\/comments?post=123"}],"version-history":[{"count":79,"href":"http:\/\/www.yhteisetaskeleet.fi\/aihio\/index.php\/wp-json\/wp\/v2\/pages\/123\/revisions"}],"predecessor-version":[{"id":421,"href":"http:\/\/www.yhteisetaskeleet.fi\/aihio\/index.php\/wp-json\/wp\/v2\/pages\/123\/revisions\/421"}],"wp:attachment":[{"href":"http:\/\/www.yhteisetaskeleet.fi\/aihio\/index.php\/wp-json\/wp\/v2\/media?parent=123"}],"curies":[{"name":"wp","href":"https:\/\/api.w.org\/{rel}","templated":true}]}}