{"id":8,"date":"2022-01-26T16:50:17","date_gmt":"2022-01-26T16:50:17","guid":{"rendered":"http:\/\/www.yhteisetaskeleet.fi\/aihio\/?page_id=8"},"modified":"2022-10-05T12:29:07","modified_gmt":"2022-10-05T10:29:07","slug":"etusivu","status":"publish","type":"page","link":"http:\/\/www.yhteisetaskeleet.fi\/aihio\/index.php\/etusivu\/","title":{"rendered":"Toimintamme"},"content":{"rendered":"\t\t<div data-elementor-type=\"wp-page\" data-elementor-id=\"8\" class=\"elementor elementor-8\">\n\t\t\t\t\t\t\t\t\t<section class=\"elementor-section elementor-top-section elementor-element elementor-element-962846d elementor-section-boxed elementor-section-height-default elementor-section-height-default\" data-id=\"962846d\" data-element_type=\"section\">\n\t\t\t\t\t\t<div class=\"elementor-container elementor-column-gap-default\">\n\t\t\t\t\t<div class=\"elementor-column elementor-col-100 elementor-top-column elementor-element elementor-element-b53098d\" data-id=\"b53098d\" data-element_type=\"column\">\n\t\t\t<div class=\"elementor-widget-wrap elementor-element-populated\">\n\t\t\t\t\t\t\t\t<div class=\"elementor-element elementor-element-5c5c411 elementor-widget elementor-widget-heading\" data-id=\"5c5c411\" data-element_type=\"widget\" data-widget_type=\"heading.default\">\n\t\t\t\t<div class=\"elementor-widget-container\">\n\t\t\t<style>\/*! elementor - v3.6.5 - 27-04-2022 *\/\n.elementor-heading-title{padding:0;margin:0;line-height:1}.elementor-widget-heading .elementor-heading-title[class*=elementor-size-]>a{color:inherit;font-size:inherit;line-height:inherit}.elementor-widget-heading .elementor-heading-title.elementor-size-small{font-size:15px}.elementor-widget-heading .elementor-heading-title.elementor-size-medium{font-size:19px}.elementor-widget-heading .elementor-heading-title.elementor-size-large{font-size:29px}.elementor-widget-heading .elementor-heading-title.elementor-size-xl{font-size:39px}.elementor-widget-heading .elementor-heading-title.elementor-size-xxl{font-size:59px}<\/style><h2 class=\"elementor-heading-title elementor-size-large\">Toimintamme<\/h2>\t\t<\/div>\n\t\t\t\t<\/div>\n\t\t\t\t\t<\/div>\n\t\t<\/div>\n\t\t\t\t\t\t\t<\/div>\n\t\t<\/section>\n\t\t\t\t<section class=\"elementor-section elementor-top-section elementor-element elementor-element-0d7c89f elementor-section-boxed elementor-section-height-default elementor-section-height-default\" data-id=\"0d7c89f\" data-element_type=\"section\">\n\t\t\t\t\t\t<div class=\"elementor-container elementor-column-gap-default\">\n\t\t\t\t\t<div class=\"elementor-column elementor-col-50 elementor-top-column elementor-element elementor-element-0f1cc6a\" data-id=\"0f1cc6a\" data-element_type=\"column\">\n\t\t\t<div class=\"elementor-widget-wrap elementor-element-populated\">\n\t\t\t\t\t\t\t\t<div class=\"elementor-element elementor-element-bc17c3a elementor-widget elementor-widget-text-editor\" data-id=\"bc17c3a\" data-element_type=\"widget\" data-widget_type=\"text-editor.default\">\n\t\t\t\t<div class=\"elementor-widget-container\">\n\t\t\t<style>\/*! elementor - v3.6.5 - 27-04-2022 *\/\n.elementor-widget-text-editor.elementor-drop-cap-view-stacked .elementor-drop-cap{background-color:#818a91;color:#fff}.elementor-widget-text-editor.elementor-drop-cap-view-framed .elementor-drop-cap{color:#818a91;border:3px solid;background-color:transparent}.elementor-widget-text-editor:not(.elementor-drop-cap-view-default) .elementor-drop-cap{margin-top:8px}.elementor-widget-text-editor:not(.elementor-drop-cap-view-default) .elementor-drop-cap-letter{width:1em;height:1em}.elementor-widget-text-editor .elementor-drop-cap{float:left;text-align:center;line-height:1;font-size:50px}.elementor-widget-text-editor .elementor-drop-cap-letter{display:inline-block}<\/style>\t\t\t\t<p>Yhteiset Askeleet Oy tarjoaa monipuolisia lastensuojelun avopalveluita ammattitaidolla ja isolla syd\u00e4mell\u00e4. Toteutamme palveluitamme ehk\u00e4isev\u00e4n lastensuojelun periaatteiden mukaisesti. Toiminnassamme korostuu luottamuksellisuus, asiakasl\u00e4ht\u00f6isyys, avoimuus ja positiivisuus. Tuemme lapsen, nuoren ja perheen hyvinvointia tavoitteena tasapainoinen ja sujuva arki. Yhteisill\u00e4 askelmerkeill\u00e4 kuljemme jokaisen omaa yksil\u00f6llist\u00e4 polkua eteenp\u00e4in ja ratkomme matkan varrella eteen tulevia haasteita ratkaisukeskeisesti,\u00a0 yhdess\u00e4.\u00a0<\/p><p>Toimintamme on aina yksil\u00f6llist\u00e4, yhdess\u00e4 suunniteltua ja ajantasaisesti raportoitua.<\/p><p>Kouluttamalla itse\u00e4mme ja kehitt\u00e4m\u00e4ll\u00e4 toimintaamme pyrimme tarjoamaan joka hetki ajan hermolla olevia ammattitaitoisia palveluita.<\/p><p>\u00a0<\/p>\t\t\t\t\t\t<\/div>\n\t\t\t\t<\/div>\n\t\t\t\t\t<\/div>\n\t\t<\/div>\n\t\t\t\t<div class=\"elementor-column elementor-col-50 elementor-top-column elementor-element elementor-element-446bf7a\" data-id=\"446bf7a\" data-element_type=\"column\">\n\t\t\t<div class=\"elementor-widget-wrap elementor-element-populated\">\n\t\t\t\t\t\t\t\t<div class=\"elementor-element elementor-element-cb76bc0 elementor-widget elementor-widget-image\" data-id=\"cb76bc0\" data-element_type=\"widget\" data-widget_type=\"image.default\">\n\t\t\t\t<div class=\"elementor-widget-container\">\n\t\t\t<style>\/*! elementor - v3.6.5 - 27-04-2022 *\/\n.elementor-widget-image{text-align:center}.elementor-widget-image a{display:inline-block}.elementor-widget-image a img[src$=\".svg\"]{width:48px}.elementor-widget-image img{vertical-align:middle;display:inline-block}<\/style>\t\t\t\t\t\t\t\t\t\t\t\t<img width=\"1024\" height=\"829\" src=\"http:\/\/www.yhteisetaskeleet.fi\/aihio\/wp-content\/uploads\/2022\/05\/team-spirit-g831834fb8_1920-1024x829.jpg\" class=\"attachment-large size-large\" alt=\"\" loading=\"lazy\" srcset=\"http:\/\/www.yhteisetaskeleet.fi\/aihio\/wp-content\/uploads\/2022\/05\/team-spirit-g831834fb8_1920-1024x829.jpg 1024w, http:\/\/www.yhteisetaskeleet.fi\/aihio\/wp-content\/uploads\/2022\/05\/team-spirit-g831834fb8_1920-300x243.jpg 300w, http:\/\/www.yhteisetaskeleet.fi\/aihio\/wp-content\/uploads\/2022\/05\/team-spirit-g831834fb8_1920-768x622.jpg 768w, http:\/\/www.yhteisetaskeleet.fi\/aihio\/wp-content\/uploads\/2022\/05\/team-spirit-g831834fb8_1920-1536x1244.jpg 1536w, http:\/\/www.yhteisetaskeleet.fi\/aihio\/wp-content\/uploads\/2022\/05\/team-spirit-g831834fb8_1920.jpg 1920w\" sizes=\"(max-width: 1024px) 100vw, 1024px\" \/>\t\t\t\t\t\t\t\t\t\t\t\t\t\t\t<\/div>\n\t\t\t\t<\/div>\n\t\t\t\t\t<\/div>\n\t\t<\/div>\n\t\t\t\t\t\t\t<\/div>\n\t\t<\/section>\n\t\t\t\t\t\t\t<\/div>\n\t\t","protected":false},"excerpt":{"rendered":"<p>Toimintamme Yhteiset Askeleet Oy tarjoaa monipuolisia lastensuojelun avopalveluita ammattitaidolla ja isolla syd\u00e4mell\u00e4. Toteutamme palveluitamme ehk\u00e4isev\u00e4n lastensuojelun periaatteiden mukaisesti. Toiminnassamme korostuu luottamuksellisuus, asiakasl\u00e4ht\u00f6isyys, avoimuus ja positiivisuus. Tuemme lapsen, nuoren ja perheen hyvinvointia tavoitteena tasapainoinen ja sujuva arki. Yhteisill\u00e4 askelmerkeill\u00e4 kuljemme jokaisen omaa yksil\u00f6llist\u00e4 polkua eteenp\u00e4in ja ratkomme matkan varrella eteen tulevia haasteita ratkaisukeskeisesti,\u00a0 yhdess\u00e4.\u00a0 Toimintamme on &hellip;<\/p>\n<p class=\"read-more\"> <a class=\"\" href=\"http:\/\/www.yhteisetaskeleet.fi\/aihio\/index.php\/etusivu\/\"> <span class=\"screen-reader-text\">Toimintamme<\/span> Lue lis\u00e4\u00e4 &raquo;<\/a><\/p>\n","protected":false},"author":1,"featured_media":26,"parent":0,"menu_order":0,"comment_status":"closed","ping_status":"closed","template":"elementor_header_footer","meta":{"_coblocks_attr":"","_coblocks_dimensions":"","_coblocks_responsive_height":"","_coblocks_accordion_ie_support":"","site-sidebar-layout":"default","site-content-layout":"default","ast-global-header-display":"","ast-main-header-display":"","ast-hfb-above-header-display":"","ast-hfb-below-header-display":"","ast-hfb-mobile-header-display":"","site-post-title":"","ast-breadcrumbs-content":"","ast-featured-img":"","footer-sml-layout":"","theme-transparent-header-meta":"","adv-header-id-meta":"","stick-header-meta":"","header-above-stick-meta":"","header-main-stick-meta":"","header-below-stick-meta":""},"_links":{"self":[{"href":"http:\/\/www.yhteisetaskeleet.fi\/aihio\/index.php\/wp-json\/wp\/v2\/pages\/8"}],"collection":[{"href":"http:\/\/www.yhteisetaskeleet.fi\/aihio\/index.php\/wp-json\/wp\/v2\/pages"}],"about":[{"href":"http:\/\/www.yhteisetaskeleet.fi\/aihio\/index.php\/wp-json\/wp\/v2\/types\/page"}],"author":[{"embeddable":true,"href":"http:\/\/www.yhteisetaskeleet.fi\/aihio\/index.php\/wp-json\/wp\/v2\/users\/1"}],"replies":[{"embeddable":true,"href":"http:\/\/www.yhteisetaskeleet.fi\/aihio\/index.php\/wp-json\/wp\/v2\/comments?post=8"}],"version-history":[{"count":21,"href":"http:\/\/www.yhteisetaskeleet.fi\/aihio\/index.php\/wp-json\/wp\/v2\/pages\/8\/revisions"}],"predecessor-version":[{"id":418,"href":"http:\/\/www.yhteisetaskeleet.fi\/aihio\/index.php\/wp-json\/wp\/v2\/pages\/8\/revisions\/418"}],"wp:featuredmedia":[{"embeddable":true,"href":"http:\/\/www.yhteisetaskeleet.fi\/aihio\/index.php\/wp-json\/wp\/v2\/media\/26"}],"wp:attachment":[{"href":"http:\/\/www.yhteisetaskeleet.fi\/aihio\/index.php\/wp-json\/wp\/v2\/media?parent=8"}],"curies":[{"name":"wp","href":"https:\/\/api.w.org\/{rel}","templated":true}]}}